 2/(-6).
5
Let k be ((-3)/4)/((-6)/24). Suppose v = k*v - 20. What are the prime factors of v?
2, 5
What are the prime factors of ((-34)/2 + 2)*-6?
2, 3, 5
Suppose 91*r - 83*r = 1160. List the prime factors of r.
5, 29
Suppose -t + 134 = 2*t - 5*r, -t + 5*r = -48. What are the prime factors of t?
43
Let d = -2 - -2. Let s be (d - 1)/(1/(-2)). Suppose -3*r + 11 = 4*y, -4*r - r = s*y - 23. List the prime factors of r.
5
Suppose -m - m - 6 = 0. Let u(z) = -z**2 - 4*z - 2. Let k be u(-4). List the prime factors of (-10)/(m/(-6)*k).
2, 5
Suppose 0 = l - 2. Suppose -l*s + 27 = k - 3, -s - 4*k = -1. What are the prime factors of s?
17
Suppose u + 5 = 0, 2*u = 5*n + u - 180. Suppose 3*m = -3*m. Suppose -l = -5*y - m*l + n, 25 = 5*l. What are the prime factors of y?
2
Suppose 11*s + 1270 - 5043 = 0. What are the prime factors of s?
7
Suppose f + 2 = 28. List the prime factors of (-15)/(-10)*f/3.
13
Let h = -5 - -7. Let a be -14*(1 + h/(-4)). Let p = a + 15. What are the prime factors of p?
2
Let f be 3 + 1/(4/(-4)). Suppose -3*h - f*a = a - 150, -5*h + 4*a + 232 = 0. What are the prime factors of h?
2, 3
Suppose 99 + 51 = -5*w. Let j = -42 - w. Let b = -7 - j. List the prime factors of b.
5
Let y = 7 - 7. Suppose y = -3*v - 5*c + 8, 2*v = v - 4*c + 12. Let b(a) = -2*a - 3. List the prime factors of b(v).
5
Suppose 0 = -2*o + 5*l + 53, -4*l - 7 - 27 = -o. What are the prime factors of o?
2, 7
List the prime factors of 282 + 1 + 3 - -1.
7, 41
List the prime factors of (-20)/((2 - 1)/(-4)).
2, 5
Let x(g) be the second derivative of -g**3/6 - 3*g. Let m be x(-6). Suppose 0 = t - 0 - m. List the prime factors of t.
2, 3
List the prime factors of ((-4)/6*89)/((-6)/9).
89
Let f(d) = d**2 - 5*d + 11. What are the prime factors of f(6)?
17
Suppose k - 6*k - 15 = -5*l, l = -4*k + 13. Suppose -k*n - 2*n = -32. List the prime factors of n.
2
Suppose 0 = -8*j + 5*j - r + 11, -5*j + 5 = -5*r. Suppose -2*s = -2*n + j*s + 107, 5*n - 310 = 4*s. List the prime factors of (6/(-9))/((-4)/n).
11
Suppose -96 = -0*y - 4*y. What are the prime factors of y?
2, 3
Let s(t) = -2*t + 14. Let n(u) = 2*u - 15. Let x(y) = 3*n(y) + 4*s(y). What are the prime factors of x(-7)?
5
Suppose -u + 6 = u. Let j(v) = -v**2 + 3*v + 4. Let p be j(u). Suppose -4*s = p*f - 4, -f + 4 = -3*f. List the prime factors of s.
3
Let f = 8 - 1. Let r(s) = 3*s**3 + 28*s**2 + 24*s - 7. Let j(m) = 2*m**3 + 19*m**2 + 16*m - 5. Let n(w) = f*j(w) - 5*r(w). What are the prime factors of n(-6)?
2, 3
Let c be 1*27/(-3) + 0. Let h(a) = a**3 + 10*a**2 + 6*a - 8. What are the prime factors of h(c)?
19
Let t(j) = 4*j**3 - j**2 - j + 1. Let u be t(1). Suppose -4*i - u*p + 138 = 0, 2 = -p + 4. What are the prime factors of i?
3, 11
Let b(z) = z**3 + 8*z**2 + 7*z - 1. List the prime factors of b(-6).
29
Suppose 5*l - 26 = 3*w + 3, 3*l = -4*w. Suppose l*c + c = 60. List the prime factors of c.
2, 3
Suppose -3*v + 7 = 1. Let s(t) = -8*t**3 - v*t**3 - 4*t**3 - 1. What are the prime factors of s(-1)?
13
Suppose 4*d - 36 - 64 = 0. List the prime factors of d.
5
Let r(q) = -4 + 0 + 6 + 2*q + q**2. Let w be r(-3). Let m(b) = -b**2 + 8*b - 1. What are the prime factors of m(w)?
2, 7
What are the prime factors of 908/20 + 12/20?
2, 23
What are the prime factors of ((-60)/9)/((-6)/45)?
2, 5
Suppose -4*p - 1 = -3*g + 48, -p - 76 = -5*g. Suppose -3*c + 4*c = g. List the prime factors of c.
3, 5
Let t be (-368)/14 + 8/28. Let m = t + 39. What are the prime factors of m?
13
Let m = 95 + -47. Suppose 2*s - m = -2*s. What are the prime factors of s?
2, 3
Let s be ((-4)/10)/(2/20). Let o = 7 + s. Suppose o*q + 5 = 4*q. What are the prime factors of q?
5
Let g(u) = -u - 4. Let r be g(-6). Suppose -5*m + q + 18 = -3*m, 0 = -2*m - r*q + 6. What are the prime factors of m?
7
Suppose -4*y + 8*y = -2*i + 10, 3*y = 3*i - 24. What are the prime factors of i?
7
Let k(g) = g + 25. List the prime factors of k(-14).
11
Suppose -4*x + 0*z - 4*z + 96 = 0, 3*x + 5*z - 74 = 0. List the prime factors of x.
23
Suppose 166*p = 164*p + 618. List the prime factors of p.
3, 103
Suppose 6 = 3*h - 6. Suppose r = h + 1. What are the prime factors of r?
5
Let l be (-1)/(-5) - 104/20. Let s = l - -9. What are the prime factors of s?
2
Let q(t) = -114*t**3 + t**2 - t. Let a be q(1). Let p = 174 + a. Suppose 0*o + p = 5*o. What are the prime factors of o?
2, 3
Suppose -3*y = l - 42, -4*l + 221 = l + 4*y. List the prime factors of l.
3, 5
List the prime factors of ((-192)/20)/((-2)/25).
2, 3, 5
Let h(m) = -m + 4*m**3 - 13 - 3*m**3 - 2*m - 8*m**2 - m. What are the prime factors of h(9)?
2
Let m be 2/12 - 161/(-6). Suppose -m - 18 = -5*q. What are the prime factors of q?
3
Suppose -4*g = -2*l - 16, -20 = -6*g + g + 4*l. Let b be 0 - g/((-4)/75). Suppose -7*j = -2*j - b. What are the prime factors of j?
3, 5
Suppose -5*w + 6*w - 134 = 0. Let d = w + -81. What are the prime factors of d?
53
Let x(q) = 2*q - 2. Let y be x(4). Suppose 13*v - 120 = 9*v. List the prime factors of (36/v)/(y/20).
2
Suppose 4*y + 3*d + 23 = 2*d, 4*d = 2*y + 16. What are the prime factors of (3/y)/(1/(-20))?
2, 5
Let d(b) = -25*b**2 - 3*b + 5. Let t(w) = -17*w**2 - 2*w + 3. Let z(a) = 5*d(a) - 8*t(a). What are the prime factors of z(-1)?
11
Let h(n) = -8*n - 23. What are the prime factors of h(-26)?
5, 37
Suppose u = -5*x + 120 + 147, -4*u = 3*x - 1136. What are the prime factors of u?
7, 41
Let o(h) = h**3 - 2*h**3 + 9*h**2 + 5 + 0 + h. Let f be o(9). What are the prime factors of 2/7 - (-80)/f?
2, 3
Let y be 1 + 3/3*-1. Suppose -g + y*g = 0. What are the prime factors of (g - -2) + (-2 - -6)?
2, 3
What are the prime factors of 60*1*(-32)/(-12)?
2, 5
Let x(h) = -2*h + 2. Let l(r) = r - 1. Let y be l(-4). List the prime factors of x(y).
2, 3
Let i(k) = 2*k - 3. Let l be i(4). Suppose -4*n - 3 = -l*n. Suppose 47 = 5*r - n. What are the prime factors of r?
2, 5
Let t(i) = -i**2 + 13 + 9*i - 2*i**2 + 3*i**2 + i**2. List the prime factors of t(-9).
13
Let a be (-8)/6*18/(-4). Suppose 13*u = 7*u + 84. Let s = u - a. What are the prime factors of s?
2
Let g = -4 + 5. Let p(i) = -i**2 + i + 5. Let h(w) = w + 6. Let l(z) = 6*h(z) - 7*p(z). List the prime factors of l(g).
7
Suppose -3*p - 43 = -2*g - 0*p, 37 = 3*g + p. Suppose 2*n - 5*j + j = g, 4*n - 38 = 3*j. List the prime factors of n.
11
Let v(j) = j**3 + 16*j**2 + 17*j + 6. Let t be v(-15). Let x = t + 44. What are the prime factors of x?
2, 5
Let d = -72 + 123. What are the prime factors of d?
3, 17
Suppose -p = p. Suppose -25 = 5*j - p. Let w = j - -10. What are the prime factors of w?
5
Let i(s) = s + 1. Let r be i(3). Let t be (-2 + r/2)/2. Suppose -b = -t*b - 4. List the prime factors of b.
2
Let s(w) = 11*w**2 + w - 9. What are the prime factors of s(-3)?
3, 29
Let v be (-2 + 2 - -2)/1. Suppose -5*u + 2*l + 31 = 0, -v*u + 5*u - 12 = -l. Let i = -2 + u. What are the prime factors of i?
3
Let u = 6 - -20. List the prime factors of u.
2, 13
Let v(s) = s**3 + 4*s**2 + 4*s + 2. Let i be v(-2). Suppose 85 = 3*p + i*p. List the prime factors of p.
17
Let k = 38 - 6. List the prime factors of k.
2
Let j(m) be the third derivative of 5*m**4/24 + m**3/6 + m**2. List the prime factors of j(5).
2, 13
Suppose -3*n + 136 = 1. List the prime factors of n.
3, 5
Suppose 6 = -3*b, j - 5*b = 50 - 10. Let q = 46 - j. Let l = 0 + q. List the prime factors of l.
2
Let c = -29 + 67. List the prime factors of c.
2, 19
Suppose 2*u - 6*u + 24 = 0. What are the prime factors of (-2)/3 + 94/u?
3, 5
Suppose 0 = -o + 5*o - 20. What are the prime factors of o?
5
Let y(t) = -t**2 + 10*t - 11. What are the prime factors of y(8)?
5
Let m = 8 - 6. Let g(i) = 3*i - 3*i - 2 - 7 + m*i. What are the prime factors of g(6)?
3
Let j = -8 + 22. Suppose 3*w - j = 3*h + 2*w, 5 = w. List the prime factors of 2 + 9/h + 3.
2
Let y(o) be the first derivative of -o**5/120 - 5*o**4/24 + 2*o**3/3 - 1. Let q(w) be the third derivative of y(w). List the prime factors of q(-8).
3
Let f be (-2)/(-5) - 140/(-25). What are the prime factors of (f*-4)/(-2) + -2?
2, 5
Suppose 3*s - a - 7 - 15 = 0, 0 = -3*a + 6. Let g = 18 - s. Let k(o) = -o**3 + 10*o**2 + 8. List the prime factors of k(g).
2
Let u(n) = -n - 5. Let a be u(-5). Let d = a + 6. Suppose -4*j + p + d = 6*p, -4*p = -4*j + 24. List the pr